+ 21 + 5 + (-5 - -5)?
37
What is (-72 - -25) + 26 + 17?
-4
Evaluate -7 - (67 + -16 + -50 - (15 - (-1 + 2))).
6
(35 - (-34 - -70)) + 6
5
Evaluate 3 - (5 + (-55 - -44) + (-44 - -1)).
52
Evaluate 11 - (19 + 30 + -28 - 3).
-7
What is -117 + 44 + 11 + 15 + -11?
-58
Calculate -501 + 518 + -1 + 3 - -18.
37
Calculate -3 - (-5 + 19 + -12) - (-21 - -9).
7
Evaluate -137 + 85 - -12 - 34.
-74
What is the value of (22 - (-58 - -43)) + -27?
10
Calculate 90 + (11 - (19 - (5 - -10)) - 15).
82
Calculate -67 - ((-2 - 8) + -1 + (-224 + 169 - -51)).
-52
2 - 31 - (-43 + 174 + -156)
-4
Calculate 180 - (445 + -244) - (0 + 1 - -66).
-88
Calculate -1213 + 1127 + 1 + 111.
26
15 + -2 + -4 + 0 + -4 + (36 - -47)
88
42 + (-28 - 0) + -15
-1
What is the value of ((3 - -2) + -8 - -32) + (-10 - 1 - -12)?
30
Calculate -24 + -32 + 48 + 16 + -32.
-24
3 - 1 - (-35 + -10 - -46) - -10
11
What is 83 - 49 - 29 - 53?
-48
Calculate (9 - 0) + (-11 - 0) + (-13 - -9) + -1.
-7
-5 - (9 + -8) - (1 - (-15 - 7))
-29
What is the value of 1 - ((13 - 14) + 22 + -38)?
18
What is 149 + -136 + -31 + 156?
138
110 - (55 + 17 + -36 - (15 - -4))
93
What is (-4 - 8) + 36 + (16 - 19)?
21
Calculate (23 + (-99 - -4) - (-6 + (3 - 6))) + 4.
-59
What is the value of -93 - -14 - (-78 + 10)?
-11
60 + -44 + 18 - 44
-10
-10 - (-65 + (19 - (-5 - -24)))
55
What is -7 + (-5 - -7) + -5 - (105 - 90)?
-25
-2 - (1 - (-18 - -6))
-15
Evaluate 9 - (-22 + 21 + 13 - 53).
50
What is the value of -5 + 83 + 6 + -15?
69
Calculate (1 - -24) + (-4 - -23 - 21).
23
Evaluate -1149 + 1225 + (5 - 87) + (-1 + -43 - 1).
-51
-66 + -1 + (-1 - 1) + (224 - 52 - 163)
-60
Calculate -4 + -53 + 12 + -21 + (-41 - -49).
-58
Calculate (-1 - 1) + 31 + -89 + 30.
-30
What is 106 + 0 - (-5 + 0 - (60 - -50 - 116))?
105
Calculate (1 - -5) + -30 - (355 + -387).
8
Calculate (-10 + -1 - (2 + 0)) + -326 + (1 - -320).
-18
(-15 - -6) + 2 + 14 - 29 - -12
-10
Calculate (-818 - -935) + (-9 + (20 - -2) - (-1 - -2)).
129
-34 - (-59 - -41 - 23)
7
23 - (48 + 14 - (16 - -13))
-10
Evaluate 3 + (57 - ((-17 - -27) + 17)).
33
Calculate -98 + 18 + 193 + -134.
-21
What is (23 - 1) + (-26 - -132 - 132)?
-4
What is (-3 + (-4 - 0) - -23) + (49 - 9) + 2?
58
(7 - (14 + 0 + (-173 - -165))) + -12
-11
12 + (-7 - (5 - (2 + 6))) - -3
11
What is -409 - -418 - (3 + -4 + 3 + -4)?
11
Evaluate (48 - -1) + (-6 - -12 - (-19 - -22)) - 4.
48
Calculate 62 + (-26 - 32 - 11).
-7
Evaluate -1 + 38 + -888 + 852.
1
Evaluate -5 + 0 + ((-30 - -33) + -10 + 2 - 4).
-14
What is -53 + 3 - (-4 + -46 + 50)?
-50
What is the value of -12 - (5 + -9 - (-2 - (-5 - -3)))?
-8
What is the value of (-9 - (-7 - 4)) + -34 - (16 - 6)?
-42
What is 22 + 6 + -14 + 7 - -1?
22
What is the value of -1 + -21 + -24 + 91?
45
What is the value of -50 + -19 - (-7 - (32 + -17))?
-47
Calculate -1 + (-8 - (4 - 5)) - 17 - (-16 - -25).
-34
Calculate 46 + -42 + (18 - -20) - -28.
70
Evaluate 47 - (35 - (46 + -25)) - 1.
32
-33 + (43 - (57 - 20))
-27
What is the value of -2044 - -2185 - (-1 + 165)?
-23
Evaluate (56 + (-59 - -30) - 7) + 22.
42
Evaluate (-14 - (17 - 14)) + 21 - 10.
-6
What is the value of (3 - (-20 - -13) - -3) + (11 - -26)?
50
Calculate -6 - (-12 - 4) - (-3 + (-1 - (-8 + 7))).
13
What is the value of -40 - 0 - (-2097 - -2060) - (-77 + 1)?
73
-12 + (11 - 16) + 3 + -11 - -12
-13
What is 88 - (-202 + 86 - -83)?
121
-19 + -1 - -20 - (8 + 18)
-26
What is -19 - (-27 + 4 - -10 - -5 - (-2 - -3))?
-10
Evaluate -22 + (21 - (5 + -20) - 18) + -55.
-59
Calculate -5 + 13 - (72 - (8 - -37)).
-19
What is -48 - (-7 + 2) - (9 - 5 - 13)?
-34
What is (7 - 0) + 12 + -9 + -9 - 4 - -70?
67
What is 20 - (3 - 3 - (-6 - 7))?
7
What is -21 - -1 - ((-11 - 16 - 17) + -15)?
39
Calculate 2 + 0 + -1 + 14 + 18 + -51 + 51.
33
Calculate -12 + (48 - 4 - 52).
-20
What is (44 - 45) + -10 + -9?
-20
What is the value of -15 + (-4 - -1) - (13 - (1 + -70))?
-100
What is -51 + (217 + -65 - 67)?
34
Calculate -4 + -25 + 21 + (-3 + 1 - 3).
-13
Evaluate (4 - -4) + (-8 - (9 + 7 + -3)).
-13
What is -17 - (-48 - -45 - (0 - 3 - -6))?
-11
-85 + (-5 - -129) + (3 - -16)
58
What is -68 + 48 - (-2 + -4) - (-123 + -16)?
125
What is the value of 79 + 28 + 0 - (-46 - -85)?
68
Evaluate 12 + -11 + -148 + 76.
-71
Evaluate 25906 + -25824 - (1 + 1 + -28).
108
-7 + ((-21 - (-9 - 59)) + 17 - (-1 + 15))
43
253 - 191 - (-68 - -10)
120
What is the value of 4 + (6 - 16) - 100 - (-50 + 47 + -8)?
-95
What is the value of (8 - (5 + 5)) + -2 + (13 - -1) - 57?
-47
What is the value of -72 + 72 - (-55 + 11 - (2 - (5 + -3)))?
44
What is (7 - 6) + -1 + -4 + (0 - 2)?
-6
What is 91 - (-2 + -2 - 0 - (-32 + 13))?
76
(18 - 1) + -142 + 96 + 26
-3
What is the value of 18 + 3 + -8 - -6 - (-28 + 16)?
31
What is the value of 11 - (-13 + (46 - 16) + (0 - 7)) - -27?
28
898 + -938 - (-6 - 2 - (-6 - -4))
-34
What is the value of -100 + 51 + 65 + 6?
22
(22 + -32 - 13) + 41 + -42
-24
What is the value of 12 + (9 - 5) - (218 + -132)?
-70
Calculate (1 - (-3 - -11 - 24) - 7) + (84 - 60).
34
What is the value of (45 - -68) + 20 - 36?
97
What is the value of (58 - (-17 + -20)) + -47?
48
What is 1 + (-6 - (-26 + 11)) + (10 - -1)?
21
Calculate 5 + (-27 - (-3 - (39 + -17))).
3
What is the value of (27 - (7 + (2 - -23))) + (1 - 10)?
-14
Evaluate 25 - (9 + 44) - (7 - 5).
-30
What is 2198 + -2146 - (126 + 4)?
-78
-17 + 77 - 20 - 28
12
Calculate (-42 - -64) + ((-1 - -5) + -6 - -8 - -7).
35
What is -2 + 2 + 21 + (-21 - (-53 + 31 + -10))?
32
-5 + -1 - (-46 + 70 - (66 + 5))
41
What is (33 - 0) + (-2327 - -2269)?
-25
Calculate 5 - 30 - (4 - (17 - (11 - 2)) - -5).
-26
Evaluate (3 - (-3 + -25 + 19)) + 9.
21
What is the value of 0 + (2 - -13) + (77 - 119 - 28)?
-55
What is 22 - (-16 - (-7 + (9 - -1)))?
41
Calculate -131 - -77 - -97 - -10.
53
-13 - (60 - (-27 - (-39 - 2)))
-59
(14 + 48 + -101 - ((0 - 0) + -1)) + 1
-37
What is the value of (0 - 20) + (-2 - (-10 + 31))?
-43
(25 - (-60 + 112 - 7)) + 15 + -1
-6
Evaluate -31 + -7 - -25 - -5 - (-40 - 0).
32
-51 + (-25 - -25) + 66
15
Calculate -8 + -11 + -2 - -6 - -15.
0
Calculate (19 - 102 - -40 - -59) + -21.
-5
What is the value of -5 + (4 + -14 + 13 - -5) - (1 - 49)?
51
What is the value of -8 + (10 - 26) + 11 - -30?
17
Calculate 14 + (-30 - (-20 - -3)) - (-2 - -8).
-5
Evaluate -275 + 201 + -2 + 22.
-54
Evaluate 10 + -57 + 13 + -4 + (0 - 3).
-41
Calculate (48 - -47 - -19) + -8 - -35.
141
Calculate (5 - 3) + -3 + 8 + -45 + (-10 - 10).
-58
Evaluate 4 + 0 + -12 + (-7 - 1) + 4 + 22.
10
Evaluate -127 - ((-1 - -35) + 0 + -40 - (-10 + -1)).
-132
What is the value of (16 + -3 - (47 + -14) - -13 - -44) + 1?
38
What is the value of 11 - (-13 - -36) - ((-2 - 15) + 3)?
2
-49 + -19 + 8 + 94
34
What is the value of (-23 - -126) + -63 + (2 - 0) + (-1 - -1)?
42
Evaluate 69 - 1 - (-87 - -83) - (-26 + 14 - -16).
68
Calculate 21 + (-17 - (-24 + 19)) - 44.
-35
What is the value of -70 + -1 + (471 - 437)?
-37
Calculate -28 - ((30 - 73) + 21) - (-75 - -1).
68
Calculate 54 + (-80 - -19) - (-16 + -8).
17
46 - 56 - ((-18 - -8 - -52) + 11)
-63
What is 56 + (7 - 42) + -23 - (-52 + 1)?
49
-2 + 28 + -35 + -29 + -1 + -9
-48
What is 11 - (-26 + (-21 - -24) - 7)?
41
Calculate -84 + (72 - 28 - 47).
-87
What is -68 + -34 + -8 + 45?
-65
Calculate (-4 + 6 - (20 + -33)) + -9 - (2 + -11).
15
What is the value of -2936 - -2968 - (2 + 20 + -2)?
12
What is the value of 1 - -116 - (7578 - 7560)?
99
Calculate (9 - (-11 + 28)) + 54.
46
What is the value of 4 - (-8 + 13) - (2 + -18)?
15
What is 31 + (0 + 1 - (70 + -39 - 21))?
22
What is 34 + 40 + 10 + -15 + 1?
70
What is 111 + -57 + (3 - (4 + (-10 - 8) - -8))?
63
-7 + 36 + (27 - 74)
-18
Calculate (-39 - -17) + 11 - 41 - (-2 - 4).
-46
(39 - 1) + (348 - 329) - (0 + 5)
52
(-4 - (3 - 10)) + -27 + (-10 + 9 - 0)
-25
1 + (1 - 17) + (-22 - -29)
-8
Evaluate 3 + 10 - (-36 + -7 + 51).
5
11 + -7 - (87 + -65 + -8 + 0)
-10
-42 + 47 - ((-3 - 38) + -6) - (3 - -2)
47
What is 2 + 0 - (39 + 14 - 24)?
-27
What is -15 + -6 - -1 - -6 - 23?
-37
What is the value of (1 - 0) + 22 - (-11 + 8 + -10 - -18)?
18
Evaluate 46 - (80 - (66 + -17)).
15
What is the value of -57 + (-32 + -95 - -130)?
-54
Calculate (-3 - -16) + -45 + 34 - (3 - -36).
-37
What is (11 + -32 - -32 - 154) + 3?
-140
What is the value of (2227 - 2231) + (-5 - -128 - (2 + 4 - 2))?
115
2 + 16 + -26 + 11 + 44
47
What is the value of 2 - (13 + -